{"id":23886,"date":"2025-09-08T14:27:05","date_gmt":"2025-09-08T12:27:05","guid":{"rendered":"https:\/\/www.campingchamplachevre.com\/alentours\/pointe-feuillette\/"},"modified":"2025-09-29T15:25:26","modified_gmt":"2025-09-29T13:25:26","slug":"pointe-feuillette","status":"publish","type":"alentours","link":"https:\/\/www.campingchamplachevre.com\/nl\/alentours\/pointe-feuillette\/","title":{"rendered":"Pointe Feuillette"},"content":{"rendered":"<div class=\"diaporama-header align-full\"><div class=\"gallery\"><figure class=\"gallery__item\"><picture><source srcset=\"https:\/\/www.campingchamplachevre.com\/wp-content\/uploads\/2025\/09\/20241005_131725_Gd-Ferrand-Rocher-rond-420x236.webp\" media=\"(max-width: 210px)\"><source srcset=\"https:\/\/www.campingchamplachevre.com\/wp-content\/uploads\/2025\/09\/20241005_131725_Gd-Ferrand-Rocher-rond-850x478.webp\" media=\"(max-width: 420px)\"><source srcset=\"https:\/\/www.campingchamplachevre.com\/wp-content\/uploads\/2025\/09\/20241005_131725_Gd-Ferrand-Rocher-rond-768x432.webp\" media=\"(max-width: 850px)\"><source srcset=\"https:\/\/www.campingchamplachevre.com\/wp-content\/uploads\/2025\/09\/20241005_131725_Gd-Ferrand-Rocher-rond-1024x576.webp\" media=\"(max-width: 1024px)\"><source srcset=\"https:\/\/www.campingchamplachevre.com\/wp-content\/uploads\/2025\/09\/20241005_131725_Gd-Ferrand-Rocher-rond.webp\" media=\"(min-width: 1025px)\"><img loading=\"lazy\" decoding=\"async\" src=\"https:\/\/www.campingchamplachevre.com\/wp-content\/uploads\/2025\/09\/20241005_131725_Gd-Ferrand-Rocher-rond-420x236.webp\" width=\"420\" height=\"210\" alt=\"\" title=\"\"><\/picture><\/figure><\/div><div class=\"diaporama-header__inner\"><\/div><\/div><div class=\"group mini\"><h1 style=\"text-align: center;color: var(--marron);\">Pointe Feuillette<\/h1><p  style=\"text-align: center;\"  >Zeker een van onze favoriete wandelingen!<br\/>Deze mooie lus vertrekt vanuit Les Amay\u00e8res, op 2 km van de camping, en brengt je naar de top van deze kleine met gras begroeide top op een hoogte van 1874 m, vanwaar het uitzicht adembenemend is. Op 360\u00b0 omringen de bergtoppen je: Vercors, Tri\u00e8ves, Grand Ferrand, Rocher-rond, Diois&#8230; De grens tussen Dr\u00f4me en Is\u00e8re. In de zomer is het een begrazingsgebied en honden zijn niet toegestaan van half juni tot begin september. In de lente geven de sneeuwresten op de toppen deze wandeling een magisch tintje.<br\/>Tussen 5 en 6 uur lopen, afhankelijk van je tempo.<\/p><div class=\"buttons display-flex \" style=\"justify-content:center;\"><a href=\"https:\/\/rando.parc-du-vercors.fr\/fr\/trek\/45657-La-pointe-feuillette\" rel=\"noreferrer noopener\" target=\"_blank\" class=\"buttons__btn\">Meer info<\/a><\/div><\/div>","protected":false},"menu_order":0,"template":"","meta":{"_acf_changed":false,"footnotes":""},"lieu":[23],"acf":[],"_links":{"self":[{"href":"https:\/\/www.campingchamplachevre.com\/nl\/wp-json\/wp\/v2\/alentours\/23886"}],"collection":[{"href":"https:\/\/www.campingchamplachevre.com\/nl\/wp-json\/wp\/v2\/alentours"}],"about":[{"href":"https:\/\/www.campingchamplachevre.com\/nl\/wp-json\/wp\/v2\/types\/alentours"}],"version-history":[{"count":1,"href":"https:\/\/www.campingchamplachevre.com\/nl\/wp-json\/wp\/v2\/alentours\/23886\/revisions"}],"predecessor-version":[{"id":23887,"href":"https:\/\/www.campingchamplachevre.com\/nl\/wp-json\/wp\/v2\/alentours\/23886\/revisions\/23887"}],"wp:attachment":[{"href":"https:\/\/www.campingchamplachevre.com\/nl\/wp-json\/wp\/v2\/media?parent=23886"}],"wp:term":[{"taxonomy":"lieu","embeddable":true,"href":"https:\/\/www.campingchamplachevre.com\/nl\/wp-json\/wp\/v2\/lieu?post=23886"}],"curies":[{"name":"wp","href":"https:\/\/api.w.org\/{rel}","templated":true}]}}

<div class="diaporama-header align-full"><div class="gallery"><figure class="gallery__item"><picture><source srcset="https://www.campingchamplachevre.com/wp-content/uploads/2025/09/20241005_131725_Gd-Ferrand-Rocher-rond-420x236.webp" media="(max-width: 210px)"><source srcset="https://www.campingchamplachevre.com/wp-content/uploads/2025/09/20241005_131725_Gd-Ferrand-Rocher-rond-850x478.webp" media="(max-width: 420px)"><source srcset="https://www.campingchamplachevre.com/wp-content/uploads/2025/09/20241005_131725_Gd-Ferrand-Rocher-rond-768x432.webp" media="(max-width: 850px)"><source srcset="https://www.campingchamplachevre.com/wp-content/uploads/2025/09/20241005_131725_Gd-Ferrand-Rocher-rond-1024x576.webp" media="(max-width: 1024px)"><source srcset="https://www.campingchamplachevre.com/wp-content/uploads/2025/09/20241005_131725_Gd-Ferrand-Rocher-rond.webp" media="(min-width: 1025px)"><img loading="lazy" decoding="async" src="https://www.campingchamplachevre.com/wp-content/uploads/2025/09/20241005_131725_Gd-Ferrand-Rocher-rond-420x236.webp" width="420" height="210" alt="" title=""></picture></figure></div><div class="diaporama-header__inner"></div></div><div class="group mini"><h1 style="text-align: center;color: var(--marron);">Pointe Feuillette</h1><p  style="text-align: center;"  >Zeker een van onze favoriete wandelingen!<br/>Deze mooie lus vertrekt vanuit Les Amayères, op 2 km van de camping, en brengt je naar de top van deze kleine met gras begroeide top op een hoogte van 1874 m, vanwaar het uitzicht adembenemend is. Op 360° omringen de bergtoppen je: Vercors, Trièves, Grand Ferrand, Rocher-rond, Diois&#8230; De grens tussen Drôme en Isère. In de zomer is het een begrazingsgebied en honden zijn niet toegestaan van half juni tot begin september. In de lente geven de sneeuwresten op de toppen deze wandeling een magisch tintje.<br/>Tussen 5 en 6 uur lopen, afhankelijk van je tempo.</p><div class="buttons display-flex " style="justify-content:center;"><a href="https://rando.parc-du-vercors.fr/fr/trek/45657-La-pointe-feuillette" rel="noreferrer noopener" target="_blank" class="buttons__btn">Meer info</a></div></div>
